v(s).
22
Let g(i) = 9*i**2 + 4*i + 1. Let p(t) = 8 + 2*t + 4*t**2 - 8. Let l(s) = 2*g(s) - 5*p(s). Calculate l(-2).
-2
Let u(l) = -l - 1. Let z = -16 - -15. Let n be u(z). Let h(j) = j**2 + j - 10. Calculate h(n).
-10
Suppose 5*j + 24 = -w + 8, 0 = 3*j - 5*w + 4. Let i(f) = -f**3 - f**2 - 4*f - 2. What is i(j)?
28
Let l(f) = -11*f**3 + 31*f**2 - 16*f + 45. Let n(k) = 5*k**3 - 14*k**2 + 8*k - 22. Let m(a) = 6*l(a) + 13*n(a). Determine m(5).
-1
Suppose -2*p = 2, 0 = 2*d - 6*d + 4*p + 24. Let v(i) be the second derivative of i**4/12 - 4*i**3/3 + 2*i**2 + 4*i - 46. What is v(d)?
-11
Let c(x) = 9*x - 60. Let i(l) = 10*l - 65. Let y(p) = 7*c(p) - 6*i(p). Give y(12).
6
Let z(u) = -u**2 - u - 4. Let d(c) = 13*c**2 + 7*c + 18. Let x(l) = -d(l) - 5*z(l). Determine x(-2).
-26
Let v(r) = -493*r + 247*r + 245*r. Determine v(-2).
2
Let n(u) = -u - 13. Let d be n(-16). Let f(k) = 0*k - 4*k + d*k - 2 + 7. Let c be f(4). Let w(y) = 8*y**3 - 2*y + 1. Calculate w(c).
7
Let y(i) = -i + 16 + 0*i - 21. Determine y(6).
-11
Let b(c) = -3*c**2 - c - 2. Let i be b(-1). Let q(k) = k + 1. Let v(o) = 4*o + 2. Let d(a) = -2*q(a) + v(a). What is d(i)?
-8
Let o(i) = -8*i - 90431 + 90452 + i**2 + 25*i. What is o(-16)?
5
Let s(t) = t**3 - 6*t**2 + t - 6. Suppose 0*b + 3*b + 75 = 0. Let z = -19 - b. Determine s(z).
0
Let y(j) = -5*j**2 + j + 2. Let d be (-29)/((-406)/(-28)) - (0 + -4). Determine y(d).
-16
Let l(a) = a**3 + a**2 - 3. Let w = 451 + -453. Calculate l(w).
-7
Suppose 3*l - 5 = -z, 4*z - 6*z = -4*l + 10. Let f(b) = 11*b**2 - 4*b + 3. Calculate f(l).
39
Let d(l) = -l**2 + 11*l - 5. Let p be (-52)/(-6) + 46/(-69). Give d(p).
19
Let v(x) = -x**3 - 5*x**2 + 5*x + 5. Let s = -235 - -231. Calculate v(s).
-31
Let d(a) = -117 - a**2 + 2*a + 2*a + 116. Calculate d(4).
-1
Let f(v) = 91*v**3 - 3 - 9*v**2 - 92*v**3 - 2. What is f(-9)?
-5
Let l(f) = 14*f**3 + 11*f**2 - 20*f + 6. Let x(j) = -4*j**3 + 32 - 34 - 4*j**2 + 7*j - j**3. Let h(n) = 4*l(n) + 11*x(n). Determine h(2).
4
Let l(y) be the second derivative of y**5/20 + 7*y**4/12 - 2*y**3 - 3*y**2/2 - 120*y. Give l(-8).
29
Let r(o) = -2*o - 5. Let q(s) = s**3 + 14*s**2 + 14*s + 10. Let a be q(-13). Let u(l) = -2*l - 4. Let w(c) = a*u(c) + 2*r(c). Calculate w(-4).
-6
Let k(f) = 2*f**3 + f**2 - 1. Let b(l) = -11*l**3 + l**2 - 8*l + 9. Let p(u) = b(u) + 5*k(u). Give p(5).
-11
Let d(a) be the first derivative of 3*a**2/2 - 4*a + 272. Give d(-3).
-13
Suppose 2*g + 7 = 4*s - 3*s, -5*s - 4*g + 105 = 0. Let b = 10 + s. Suppose 4 = q + f, -2*f + 7*f = 2*q + b. Let r(l) = 4*l + 1. Determine r(q).
-3
Let p(j) = 4*j + 1. Let y(r) = r**2 - 2*r - 1. Let w be (0 + 0)/(6/(-3)). Let v be y(w). Calculate p(v).
-3
Let f(x) = -13*x + 4. Let g(d) = -11*d + 4. Let a(c) = -6*f(c) + 7*g(c). What is a(-2)?
2
Let x(v) = -23*v**3 - 1. Let b = -197 + 196. Calculate x(b).
22
Let m(q) be the second derivative of -q**3/6 + q - 19. Let r = -3 - -4. Let f be -6*(-2)/6*r. Calculate m(f).
-2
Let j(d) be the second derivative of d**3/6 - d**2/2 + 16*d. Let r(u) = 2*u - 12. Let m be r(4). Determine j(m).
-5
Let c(q) = 2*q**2 - 20*q + 26. Let g be c(8). Let o(p) = p**2 + 4*p + 1. Calculate o(g).
13
Let h(p) = -p**2 + 3*p + 6. Let w be h(4). Let f = 7 + -4. Let y(l) = -f + 7*l - 3*l - 2*l - l**2. Calculate y(w).
-3
Let k(b) = 2*b. Let l be k(-3). Let r(f) be the first derivative of -f**3/3 - 5*f**2/2 + 5*f - 396. What is r(l)?
-1
Let i be (-1330)/270 - 4/54. Let d(x) = x**3 + 5*x**2 - x + 1. Give d(i).
6
Let k(g) = -2*g - 28. Let z(b) = 4*b + 4. Let f(m) = k(m) + 2*z(m). Give f(8).
28
Let h = 1 + -1. Suppose -4*m - 10 = -6*m. Let z(p) = -3*p - 11. Let y(o) = -o - 5. Let k(i) = m*y(i) - 2*z(i). Give k(h).
-3
Let u be 2/2*(-2)/(-20)*(-125 + 135). Let o(w) = w - 1. Let z(j) = -j - 1. Let f(q) = -7*q. Let i(r) = f(r) - 5*z(r). Let m(d) = -i(d) - 6*o(d). Determine m(u).
-3
Let n = -445 - -453. Let o(t) = t**3 - 9*t**2 + 7*t - 7. What is o(n)?
-15
Let d(x) = -5*x**2 + 38*x - 18. Let g be d(7). Let q(o) = 8*o + 4. What is q(g)?
28
Let y(a) be the third derivative of -a**4/24 + a**3/6 + 2*a**2. Let o be y(-2). Let n(x) = -4*x + 0 + 0*x**2 - o*x - 1 + x**2. Give n(5).
-11
Let t(u) be the first derivative of -u**2 + 699. Calculate t(0).
0
Let v be (21/(-3))/(4/(-16)). Suppose 5*w + 22 + v = -5*k, -3*k = 15. Let p(h) = h - 4. Give p(w).
-9
Let l(h) = 3*h**3 - 3 - 2*h**3 - 4*h**2 - 7*h**2 + 10*h + 6*h**2 - 3*h**2. What is l(4)?
-27
Let a be (-10)/(-4)*(-48)/(-15). Let s(l) = 9*l + 1047 + l**3 - 16*l**2 - 1055 + 7*l**2. Calculate s(a).
0
Let k be (-28)/(-6) - 2/3. Suppose 4 = -k*j - 16. Let d(v) = -v**3 - 3*v**2 + 7*v - 1. Give d(j).
14
Let q(k) = k - 4. Let g = 80 - 65. Give q(g).
11
Let s(z) = -z**3 - 11*z**2 - 7*z + 7. Let r be s(-11). Let x(m) = -40*m - 1 + r*m - 41*m. What is x(-1)?
-4
Let s be (4/3)/((-1)/(-3)). Suppose -h + s*h = -5*p, 2*p = 6. Let q(c) = -c**3 - 4*c**2 + 4*c - 2. What is q(h)?
3
Let t(i) = 1739*i - 1738*i - 21 + 9. What is t(11)?
-1
Let m = -289 - -286. Let z(u) = 2*u**2 - 2*u + 1. What is z(m)?
25
Suppose 10 = 58*w - 53*w. Suppose o = -4*x - 15 - 6, 0 = w*o - x + 6. Let p(t) = 2*t + 1. What is p(o)?
-9
Suppose 2*y + 5*a + 3 = -2*y, -3*y + 24 = -5*a. Let n(k) = -k**2 + 5*k + 2. Determine n(y).
8
Let m(n) = 39 - 32 + n - 2*n + 8*n. What is m(-2)?
-7
Let r(o) = 14*o + 1. Let s = 245 - 247. Determine r(s).
-27
Suppose 0 = -4*c + 2*c + 34. Let n(m) = 45*m + 14. Let g(f) = -15*f - 5. Let o(b) = c*g(b) + 6*n(b). Give o(1).
14
Suppose -3*b = 3*h - 0*b + 21, 5*h + 4*b + 34 = 0. Let p(n) be the first derivative of -1/3*n**3 - 3*n**2 - 2*n + 11. Determine p(h).
-2
Let q = -2 + 1. Let l be -16*(4/8 + q). Let t be (-28)/l*(-2 + 4). Let g(c) = -c**3 - 6*c**2 + 8*c + 10. Give g(t).
3
Suppose -5*t = -2*t + t. Let a(o) = -140 + 138 + t*o - o. Calculate a(-3).
1
Suppose 5*y - 4*y - 2 = c, 2*c + 7 = 3*y. Let o(i) be the first derivative of 1/3*i**y + 5*i + 4*i**2 + 7. Determine o(-7).
-2
Let x(n) be the first derivative of -5*n**2/2 + 4*n - 81. Determine x(0).
4
Suppose 2*h = -0*c - 2*c - 12, 2*h = -3*c - 15. Let m(u) be the third derivative of 7*u**2 + 0 + 1/6*u**3 - 1/12*u**4 + 0*u. What is m(c)?
7
Let n(q) = -10*q - 4. Let b(y) = -10*y**3 - 109*y**2 + 9*y - 17. Let s be b(-11). What is n(s)?
-54
Suppose -4*z + 46 = o, 0 = 6*z - z + 3*o - 61. Let v = -8 + z. Suppose -v*g - 25 = 2*g. Let q(m) = -m**2 - 8*m - 6. Calculate q(g).
9
Let l(c) = 8*c - 11. Let a(h) = 3*h - 4. Let z(q) = 11*a(q) - 4*l(q). Give z(-14).
-14
Suppose 0*w = -2*w - 12. Let g = -20 - -20. Let a(p) = 388*p - 7*p**2 - 397*p + g*p**3 - p**3 - 8. Determine a(w).
10
Let f(p) = -6*p + 6. Let h be (-7 - (-15 - 4)) + -6. Give f(h).
-30
Suppose 5*t = 2*t. Suppose 8*r + 24 + 40 = t. Let b(g) = -g - 5. Calculate b(r).
3
Let g(l) be the third derivative of -l**8/20160 + l**7/720 + l**6/90 - l**5/10 + 9*l**2. Let d(x) be the third derivative of g(x). Calculate d(7).
8
Let j(g) = 637*g + 610*g - 5 - 1246*g - g**3 - 3*g**2. Suppose 4*a - 2*a = 10, u + 29 = 5*a. Calculate j(u).
7
Let u(d) = d**2 + 2. Let s be u(0). Let o(y) = -s*y + 5 - 3 - 1 + y**2. Determine o(1).
0
Let q(m) = m**2 - 14*m + 18. Suppose 170*h = 167*h + 36. Calculate q(h).
-6
Let l(s) = -4*s + 177*s**2 - 184*s**2 + 5*s. Calculate l(-1).
-8
Let a(d) be the second derivative of -3/4*d**4 - 21*d + 11/2*d**2 + d**3 + 0 + 1/20*d**5. Determine a(8).
-5
Let j(r) = 20*r - 3. Suppose 3 = 32*d - 35*d. Calculate j(d).
-23
Let b(r) = r + 1 - 6 - 1 - 7. Let o = -34 - -48. Let x(c) = c**3 - 14*c**2 + c - 14. Let f be x(o). Calculate b(f).
-13
Let p(o) = o - 3. Let a(w) = -2. Let z(b) = 4*a(b) - 3*p(b). What is z(2)?
-5
Let k be (-159)/(-9) - 4/(-3). Let f(m) = 8*m - 8*m**3 - m**2 - k*m + 10*m. Give f(-1).
8
Let b(x) be the first derivative of -x**2/2 - 4*x - 33. Suppose -3 + 6 = -h. What is b(h)?
-1
Let t(u) = u - 3 + 2 - 2. Let q(s) = 317*s - 5070. Let l be q(16). What is t(l)?
-1
Suppose -3*r = -0*r - 6*r. Let s be -4 + 8 - (r - -5). Let w(y) = -21*y**3 + 2*y**2 + 2*y + 1. Calculate w(s).
22
Suppose -5*c = -3*v - 165, -2*c + 70 = 2*v - 4*v. Let a(y) = 49*y**2 - 6*y - c*y**2 - 20*y**2 + 5. Give a(-8).
-11
Let i = 136 - 102. Suppose -14 = 8*j + i. Let n(o) = 10*o + 8. Let p(u) = 7*u + 5. Let f(a) = 5*n(a) - 7*p(a). Calculate f(j).
-1
Let v(p) be the first deri